{"id":106,"date":"2015-03-17T12:16:26","date_gmt":"2015-03-17T12:16:26","guid":{"rendered":"http:\/\/osteo-ortjohann.de\/?page_id=106"},"modified":"2015-04-16T16:43:54","modified_gmt":"2015-04-16T16:43:54","slug":"startseite-parietale-osteopathie","status":"publish","type":"page","link":"https:\/\/osteo-ortjohann.de\/?page_id=106","title":{"rendered":"Parietale Osteopathie"},"content":{"rendered":"<hr \/>\n<p><img decoding=\"async\" loading=\"lazy\" class=\"aligncenter wp-image-125\" src=\"http:\/\/osteo-ortjohann.de\/wp-content\/uploads\/2015\/03\/Fotolia_60752241_S.jpg\" alt=\"Bild von einer Behandlung der Wirbels\u00e4ule\" width=\"620\" height=\"413\" srcset=\"https:\/\/osteo-ortjohann.de\/wp-content\/uploads\/2015\/03\/Fotolia_60752241_S.jpg 849w, https:\/\/osteo-ortjohann.de\/wp-content\/uploads\/2015\/03\/Fotolia_60752241_S-300x200.jpg 300w\" sizes=\"(max-width: 620px) 100vw, 620px\" \/>Mit gezielten Handgriffen und manuellen Techniken ist ein Spektrum von sanften bis intensiven Mobilisationen m\u00f6glich (z. Bsp. nach Unf\u00e4llen\/Sportverletzungen\/l\u00e4ngerer Einschr\u00e4nkung). Muskeln und deren Umh\u00fcllungen (<a title=\"Definition Faszien\" href=\"http:\/\/flexikon.doccheck.com\/de\/Faszie\" target=\"_blank\">Faszien<\/a>) k\u00f6nnen mit osteopathischen Techniken entspannt werden. Die Wirbels\u00e4ule mit Becken und Kreuzbein sowie Gelenke k\u00f6nnen von Fehlstellungen und Bewegungsblockaden befreit werden.<\/p>\n<p style=\"text-align: justify;\">Ziel ist es, die <strong>Bewegungsfreiheit \u2013 <\/strong>die <strong>Durchblutung \u2013 <\/strong>den <strong>Abtransport von Stoffwechselendprodukten <\/strong>sowie die <strong>nervale Versorgung <\/strong>in den betroffenen K\u00f6rperarealen zu optimieren.<\/p>\n<p style=\"text-align: justify;\">_____________________________________________________________________________<\/p>\n<p style=\"text-align: justify;\"><span style=\"color: #ffffff;\"><strong><a style=\"color: #ffffff;\" href=\"http:\/\/osteo-ortjohann.de\/?page_id=108\">Viszerale Osteopathie<\/a><\/strong>\u00a0 \u00a0 \u00a0<strong><a style=\"color: #ffffff;\" href=\"http:\/\/osteo-ortjohann.de\/?page_id=110\">Craniosakrale Osteopathie<\/a><\/strong><\/span><\/p>\n","protected":false},"excerpt":{"rendered":"<p>Mit gezielten Handgriffen und manuellen Techniken ist ein Spektrum von sanften bis intensiven Mobilisationen m\u00f6glich (z. Bsp. nach Unf\u00e4llen\/Sportverletzungen\/l\u00e4ngerer Einschr\u00e4nkung). Muskeln und deren Umh\u00fcllungen (Faszien) k\u00f6nnen mit osteopathischen Techniken entspannt werden. Die Wirbels\u00e4ule mit Becken und Kreuzbein sowie Gelenke k\u00f6nnen von Fehlstellungen und Bewegungsblockaden befreit werden. Ziel ist es, die Bewegungsfreiheit \u2013 die Durchblutung \u2013 [&hellip;]<\/p>\n","protected":false},"author":1,"featured_media":0,"parent":0,"menu_order":0,"comment_status":"open","ping_status":"open","template":"","meta":{"footnotes":""},"_links":{"self":[{"href":"https:\/\/osteo-ortjohann.de\/index.php?rest_route=\/wp\/v2\/pages\/106"}],"collection":[{"href":"https:\/\/osteo-ortjohann.de\/index.php?rest_route=\/wp\/v2\/pages"}],"about":[{"href":"https:\/\/osteo-ortjohann.de\/index.php?rest_route=\/wp\/v2\/types\/page"}],"author":[{"embeddable":true,"href":"https:\/\/osteo-ortjohann.de\/index.php?rest_route=\/wp\/v2\/users\/1"}],"replies":[{"embeddable":true,"href":"https:\/\/osteo-ortjohann.de\/index.php?rest_route=%2Fwp%2Fv2%2Fcomments&post=106"}],"version-history":[{"count":16,"href":"https:\/\/osteo-ortjohann.de\/index.php?rest_route=\/wp\/v2\/pages\/106\/revisions"}],"predecessor-version":[{"id":250,"href":"https:\/\/osteo-ortjohann.de\/index.php?rest_route=\/wp\/v2\/pages\/106\/revisions\/250"}],"wp:attachment":[{"href":"https:\/\/osteo-ortjohann.de\/index.php?rest_route=%2Fwp%2Fv2%2Fmedia&parent=106"}],"curies":[{"name":"wp","href":"https:\/\/api.w.org\/{rel}","templated":true}]}}